
{"id":204,"date":"2017-10-02T02:32:28","date_gmt":"2017-10-02T02:32:28","guid":{"rendered":"http:\/\/www.srcmedya.com.tr\/nur\/\/?page_id=204"},"modified":"2021-01-26T11:40:17","modified_gmt":"2021-01-26T08:40:17","slug":"altin-kupeler","status":"publish","type":"page","link":"https:\/\/nurkuyumcu.com\/index.php\/urunler\/altin-kupeler\/","title":{"rendered":"Alt\u0131n K\u00fcpeler"},"content":{"rendered":"<p>[vc_row][vc_column][vc_text_separator title=&#8221;K\u00fcpeler&#8221;][vc_gallery type=&#8221;image_grid&#8221; images=&#8221;2031,2032,2033,2034,2035,2036,2037,2038,2039,2040,2041,2042,2043,2044,2045,2046,2047,2048,2049,2050,2051,2052,2053,2054,2300,2301,2302,2303,2304,2305,2306,2307,2308,2309,2310,2311,2312,2313,2314,2315,2316,2317,2318,2319,2320,2321,2322,2323,2324,2325,2326,2327,2328&#8243; img_size=&#8221;full&#8221;][\/vc_column][\/vc_row][vc_row][vc_column][\/vc_column][\/vc_row]<\/p>\n","protected":false},"excerpt":{"rendered":"<p>[vc_row][vc_column][vc_text_separator title=&#8221;K\u00fcpeler&#8221;][vc_gallery type=&#8221;image_grid&#8221; images=&#8221;2031,2032,2033,2034,2035,2036,2037,2038,2039,2040,2041,2042,2043,2044,2045,2046,2047,2048,2049,2050,2051,2052,2053,2054,2300,2301,2302,2303,2304,2305,2306,2307,2308,2309,2310,2311,2312,2313,2314,2315,2316,2317,2318,2319,2320,2321,2322,2323,2324,2325,2326,2327,2328&#8243; img_size=&#8221;full&#8221;][\/vc_column][\/vc_row][vc_row][vc_column][\/vc_column][\/vc_row]<\/p>\n","protected":false},"author":1,"featured_media":0,"parent":10,"menu_order":0,"comment_status":"closed","ping_status":"closed","template":"","meta":[],"yoast_head":"<!-- This site is optimized with the Yoast SEO plugin v17.5 - https:\/\/yoast.com\/wordpress\/plugins\/seo\/ -->\r\n<title>Alt\u0131n K\u00fcpeler - Nur Kuyumculuk Eski\u015fehir<\/title>\r\n<meta name=\"robots\" content=\"index, follow, max-snippet:-1, max-image-preview:large, max-video-preview:-1\" \/>\r\n<link rel=\"canonical\" href=\"https:\/\/nurkuyumcu.com\/index.php\/urunler\/altin-kupeler\/\" \/>\r\n<meta property=\"og:locale\" content=\"tr_TR\" \/>\r\n<meta property=\"og:type\" content=\"article\" \/>\r\n<meta property=\"og:title\" content=\"Alt\u0131n K\u00fcpeler - Nur Kuyumculuk Eski\u015fehir\" \/>\r\n<meta property=\"og:description\" content=\"[vc_row][vc_column][vc_text_separator title=&#8221;K\u00fcpeler&#8221;][vc_gallery type=&#8221;image_grid&#8221; images=&#8221;2031,2032,2033,2034,2035,2036,2037,2038,2039,2040,2041,2042,2043,2044,2045,2046,2047,2048,2049,2050,2051,2052,2053,2054,2300,2301,2302,2303,2304,2305,2306,2307,2308,2309,2310,2311,2312,2313,2314,2315,2316,2317,2318,2319,2320,2321,2322,2323,2324,2325,2326,2327,2328&#8243; img_size=&#8221;full&#8221;][\/vc_column][\/vc_row][vc_row][vc_column][\/vc_column][\/vc_row]\" \/>\r\n<meta property=\"og:url\" content=\"https:\/\/nurkuyumcu.com\/index.php\/urunler\/altin-kupeler\/\" \/>\r\n<meta property=\"og:site_name\" content=\"Nur Kuyumculuk Eski\u015fehir\" \/>\r\n<meta property=\"article:modified_time\" content=\"2021-01-26T08:40:17+00:00\" \/>\r\n<meta name=\"twitter:card\" content=\"summary_large_image\" \/>\r\n<meta name=\"twitter:label1\" content=\"Tahmini okuma s\u00fcresi\" \/>\n\t<meta name=\"twitter:data1\" content=\"1 dakika\" \/>\r\n<script type=\"application\/ld+json\" class=\"yoast-schema-graph\">{\"@context\":\"https:\/\/schema.org\",\"@graph\":[{\"@type\":\"WebSite\",\"@id\":\"https:\/\/nurkuyumcu.com\/#website\",\"url\":\"https:\/\/nurkuyumcu.com\/\",\"name\":\"Nur Kuyumculuk Eski\\u015fehir\",\"description\":\"\",\"potentialAction\":[{\"@type\":\"SearchAction\",\"target\":{\"@type\":\"EntryPoint\",\"urlTemplate\":\"https:\/\/nurkuyumcu.com\/?s={search_term_string}\"},\"query-input\":\"required name=search_term_string\"}],\"inLanguage\":\"tr\"},{\"@type\":\"WebPage\",\"@id\":\"https:\/\/nurkuyumcu.com\/index.php\/urunler\/altin-kupeler\/#webpage\",\"url\":\"https:\/\/nurkuyumcu.com\/index.php\/urunler\/altin-kupeler\/\",\"name\":\"Alt\\u0131n K\\u00fcpeler - Nur Kuyumculuk Eski\\u015fehir\",\"isPartOf\":{\"@id\":\"https:\/\/nurkuyumcu.com\/#website\"},\"datePublished\":\"2017-10-02T02:32:28+00:00\",\"dateModified\":\"2021-01-26T08:40:17+00:00\",\"breadcrumb\":{\"@id\":\"https:\/\/nurkuyumcu.com\/index.php\/urunler\/altin-kupeler\/#breadcrumb\"},\"inLanguage\":\"tr\",\"potentialAction\":[{\"@type\":\"ReadAction\",\"target\":[\"https:\/\/nurkuyumcu.com\/index.php\/urunler\/altin-kupeler\/\"]}]},{\"@type\":\"BreadcrumbList\",\"@id\":\"https:\/\/nurkuyumcu.com\/index.php\/urunler\/altin-kupeler\/#breadcrumb\",\"itemListElement\":[{\"@type\":\"ListItem\",\"position\":1,\"name\":\"Ana sayfa\",\"item\":\"https:\/\/nurkuyumcu.com\/\"},{\"@type\":\"ListItem\",\"position\":2,\"name\":\"\\u00dcr\\u00fcnler\",\"item\":\"https:\/\/nurkuyumcu.com\/index.php\/urunler\/\"},{\"@type\":\"ListItem\",\"position\":3,\"name\":\"Alt\\u0131n K\\u00fcpeler\"}]}]}<\/script>\r\n<!-- \/ Yoast SEO plugin. -->","yoast_head_json":{"title":"Alt\u0131n K\u00fcpeler - Nur Kuyumculuk Eski\u015fehir","robots":{"index":"index","follow":"follow","max-snippet":"max-snippet:-1","max-image-preview":"max-image-preview:large","max-video-preview":"max-video-preview:-1"},"canonical":"https:\/\/nurkuyumcu.com\/index.php\/urunler\/altin-kupeler\/","og_locale":"tr_TR","og_type":"article","og_title":"Alt\u0131n K\u00fcpeler - Nur Kuyumculuk Eski\u015fehir","og_description":"[vc_row][vc_column][vc_text_separator title=&#8221;K\u00fcpeler&#8221;][vc_gallery type=&#8221;image_grid&#8221; images=&#8221;2031,2032,2033,2034,2035,2036,2037,2038,2039,2040,2041,2042,2043,2044,2045,2046,2047,2048,2049,2050,2051,2052,2053,2054,2300,2301,2302,2303,2304,2305,2306,2307,2308,2309,2310,2311,2312,2313,2314,2315,2316,2317,2318,2319,2320,2321,2322,2323,2324,2325,2326,2327,2328&#8243; img_size=&#8221;full&#8221;][\/vc_column][\/vc_row][vc_row][vc_column][\/vc_column][\/vc_row]","og_url":"https:\/\/nurkuyumcu.com\/index.php\/urunler\/altin-kupeler\/","og_site_name":"Nur Kuyumculuk Eski\u015fehir","article_modified_time":"2021-01-26T08:40:17+00:00","twitter_card":"summary_large_image","twitter_misc":{"Tahmini okuma s\u00fcresi":"1 dakika"},"schema":{"@context":"https:\/\/schema.org","@graph":[{"@type":"WebSite","@id":"https:\/\/nurkuyumcu.com\/#website","url":"https:\/\/nurkuyumcu.com\/","name":"Nur Kuyumculuk Eski\u015fehir","description":"","potentialAction":[{"@type":"SearchAction","target":{"@type":"EntryPoint","urlTemplate":"https:\/\/nurkuyumcu.com\/?s={search_term_string}"},"query-input":"required name=search_term_string"}],"inLanguage":"tr"},{"@type":"WebPage","@id":"https:\/\/nurkuyumcu.com\/index.php\/urunler\/altin-kupeler\/#webpage","url":"https:\/\/nurkuyumcu.com\/index.php\/urunler\/altin-kupeler\/","name":"Alt\u0131n K\u00fcpeler - Nur Kuyumculuk Eski\u015fehir","isPartOf":{"@id":"https:\/\/nurkuyumcu.com\/#website"},"datePublished":"2017-10-02T02:32:28+00:00","dateModified":"2021-01-26T08:40:17+00:00","breadcrumb":{"@id":"https:\/\/nurkuyumcu.com\/index.php\/urunler\/altin-kupeler\/#breadcrumb"},"inLanguage":"tr","potentialAction":[{"@type":"ReadAction","target":["https:\/\/nurkuyumcu.com\/index.php\/urunler\/altin-kupeler\/"]}]},{"@type":"BreadcrumbList","@id":"https:\/\/nurkuyumcu.com\/index.php\/urunler\/altin-kupeler\/#breadcrumb","itemListElement":[{"@type":"ListItem","position":1,"name":"Ana sayfa","item":"https:\/\/nurkuyumcu.com\/"},{"@type":"ListItem","position":2,"name":"\u00dcr\u00fcnler","item":"https:\/\/nurkuyumcu.com\/index.php\/urunler\/"},{"@type":"ListItem","position":3,"name":"Alt\u0131n K\u00fcpeler"}]}]}},"_links":{"self":[{"href":"https:\/\/nurkuyumcu.com\/index.php\/wp-json\/wp\/v2\/pages\/204"}],"collection":[{"href":"https:\/\/nurkuyumcu.com\/index.php\/wp-json\/wp\/v2\/pages"}],"about":[{"href":"https:\/\/nurkuyumcu.com\/index.php\/wp-json\/wp\/v2\/types\/page"}],"author":[{"embeddable":true,"href":"https:\/\/nurkuyumcu.com\/index.php\/wp-json\/wp\/v2\/users\/1"}],"replies":[{"embeddable":true,"href":"https:\/\/nurkuyumcu.com\/index.php\/wp-json\/wp\/v2\/comments?post=204"}],"version-history":[{"count":8,"href":"https:\/\/nurkuyumcu.com\/index.php\/wp-json\/wp\/v2\/pages\/204\/revisions"}],"predecessor-version":[{"id":2365,"href":"https:\/\/nurkuyumcu.com\/index.php\/wp-json\/wp\/v2\/pages\/204\/revisions\/2365"}],"up":[{"embeddable":true,"href":"https:\/\/nurkuyumcu.com\/index.php\/wp-json\/wp\/v2\/pages\/10"}],"wp:attachment":[{"href":"https:\/\/nurkuyumcu.com\/index.php\/wp-json\/wp\/v2\/media?parent=204"}],"curies":[{"name":"wp","href":"https:\/\/api.w.org\/{rel}","templated":true}]}}