
{"id":241,"date":"2017-10-02T02:44:50","date_gmt":"2017-10-02T02:44:50","guid":{"rendered":"http:\/\/www.srcmedya.com.tr\/nur\/\/?page_id=241"},"modified":"2021-01-28T09:38:16","modified_gmt":"2021-01-28T06:38:16","slug":"tektas-yuzukler","status":"publish","type":"page","link":"https:\/\/nurkuyumcu.com\/index.php\/urunler\/tektas-yuzukler\/","title":{"rendered":"Tekta\u015f Y\u00fcz\u00fckler"},"content":{"rendered":"<p>[vc_row][vc_column][vc_text_separator title=&#8221;Tek Ta\u015f Y\u00fcz\u00fckler&#8221;][vc_gallery type=&#8221;image_grid&#8221; images=&#8221;2021,2022,2023,2024,2025,2026,2027,2028,2029,1829,1832,1828,1833,2215,2216,2217,2218,2219,2220,2221,2222,2223,2224,2225,2226,2227,2228,2229,2230,2231,2405,2407,2409,2412,2413,2416,2418,2420,2422,2424,2426,2430,2431,2432,2433,2434,2435,2436&#8243; img_size=&#8221;full&#8221;][\/vc_column][\/vc_row][vc_row][vc_column][\/vc_column][\/vc_row]<\/p>\n","protected":false},"excerpt":{"rendered":"<p>[vc_row][vc_column][vc_text_separator title=&#8221;Tek Ta\u015f Y\u00fcz\u00fckler&#8221;][vc_gallery type=&#8221;image_grid&#8221; images=&#8221;2021,2022,2023,2024,2025,2026,2027,2028,2029,1829,1832,1828,1833,2215,2216,2217,2218,2219,2220,2221,2222,2223,2224,2225,2226,2227,2228,2229,2230,2231,2405,2407,2409,2412,2413,2416,2418,2420,2422,2424,2426,2430,2431,2432,2433,2434,2435,2436&#8243; img_size=&#8221;full&#8221;][\/vc_column][\/vc_row][vc_row][vc_column][\/vc_column][\/vc_row]<\/p>\n","protected":false},"author":1,"featured_media":0,"parent":10,"menu_order":0,"comment_status":"closed","ping_status":"closed","template":"","meta":[],"yoast_head":"<!-- This site is optimized with the Yoast SEO plugin v17.5 - https:\/\/yoast.com\/wordpress\/plugins\/seo\/ -->\r\n<title>Tekta\u015f Y\u00fcz\u00fckler - Nur Kuyumculuk Eski\u015fehir<\/title>\r\n<meta name=\"robots\" content=\"index, follow, max-snippet:-1, max-image-preview:large, max-video-preview:-1\" \/>\r\n<link rel=\"canonical\" href=\"https:\/\/nurkuyumcu.com\/index.php\/urunler\/tektas-yuzukler\/\" \/>\r\n<meta property=\"og:locale\" content=\"tr_TR\" \/>\r\n<meta property=\"og:type\" content=\"article\" \/>\r\n<meta property=\"og:title\" content=\"Tekta\u015f Y\u00fcz\u00fckler - Nur Kuyumculuk Eski\u015fehir\" \/>\r\n<meta property=\"og:description\" content=\"[vc_row][vc_column][vc_text_separator title=&#8221;Tek Ta\u015f Y\u00fcz\u00fckler&#8221;][vc_gallery type=&#8221;image_grid&#8221; images=&#8221;2021,2022,2023,2024,2025,2026,2027,2028,2029,1829,1832,1828,1833,2215,2216,2217,2218,2219,2220,2221,2222,2223,2224,2225,2226,2227,2228,2229,2230,2231,2405,2407,2409,2412,2413,2416,2418,2420,2422,2424,2426,2430,2431,2432,2433,2434,2435,2436&#8243; img_size=&#8221;full&#8221;][\/vc_column][\/vc_row][vc_row][vc_column][\/vc_column][\/vc_row]\" \/>\r\n<meta property=\"og:url\" content=\"https:\/\/nurkuyumcu.com\/index.php\/urunler\/tektas-yuzukler\/\" \/>\r\n<meta property=\"og:site_name\" content=\"Nur Kuyumculuk Eski\u015fehir\" \/>\r\n<meta property=\"article:modified_time\" content=\"2021-01-28T06:38:16+00:00\" \/>\r\n<meta name=\"twitter:card\" content=\"summary_large_image\" \/>\r\n<script type=\"application\/ld+json\" class=\"yoast-schema-graph\">{\"@context\":\"https:\/\/schema.org\",\"@graph\":[{\"@type\":\"WebSite\",\"@id\":\"https:\/\/nurkuyumcu.com\/#website\",\"url\":\"https:\/\/nurkuyumcu.com\/\",\"name\":\"Nur Kuyumculuk Eski\\u015fehir\",\"description\":\"\",\"potentialAction\":[{\"@type\":\"SearchAction\",\"target\":{\"@type\":\"EntryPoint\",\"urlTemplate\":\"https:\/\/nurkuyumcu.com\/?s={search_term_string}\"},\"query-input\":\"required name=search_term_string\"}],\"inLanguage\":\"tr\"},{\"@type\":\"WebPage\",\"@id\":\"https:\/\/nurkuyumcu.com\/index.php\/urunler\/tektas-yuzukler\/#webpage\",\"url\":\"https:\/\/nurkuyumcu.com\/index.php\/urunler\/tektas-yuzukler\/\",\"name\":\"Tekta\\u015f Y\\u00fcz\\u00fckler - Nur Kuyumculuk Eski\\u015fehir\",\"isPartOf\":{\"@id\":\"https:\/\/nurkuyumcu.com\/#website\"},\"datePublished\":\"2017-10-02T02:44:50+00:00\",\"dateModified\":\"2021-01-28T06:38:16+00:00\",\"breadcrumb\":{\"@id\":\"https:\/\/nurkuyumcu.com\/index.php\/urunler\/tektas-yuzukler\/#breadcrumb\"},\"inLanguage\":\"tr\",\"potentialAction\":[{\"@type\":\"ReadAction\",\"target\":[\"https:\/\/nurkuyumcu.com\/index.php\/urunler\/tektas-yuzukler\/\"]}]},{\"@type\":\"BreadcrumbList\",\"@id\":\"https:\/\/nurkuyumcu.com\/index.php\/urunler\/tektas-yuzukler\/#breadcrumb\",\"itemListElement\":[{\"@type\":\"ListItem\",\"position\":1,\"name\":\"Ana sayfa\",\"item\":\"https:\/\/nurkuyumcu.com\/\"},{\"@type\":\"ListItem\",\"position\":2,\"name\":\"\\u00dcr\\u00fcnler\",\"item\":\"https:\/\/nurkuyumcu.com\/index.php\/urunler\/\"},{\"@type\":\"ListItem\",\"position\":3,\"name\":\"Tekta\\u015f Y\\u00fcz\\u00fckler\"}]}]}<\/script>\r\n<!-- \/ Yoast SEO plugin. -->","yoast_head_json":{"title":"Tekta\u015f Y\u00fcz\u00fckler - Nur Kuyumculuk Eski\u015fehir","robots":{"index":"index","follow":"follow","max-snippet":"max-snippet:-1","max-image-preview":"max-image-preview:large","max-video-preview":"max-video-preview:-1"},"canonical":"https:\/\/nurkuyumcu.com\/index.php\/urunler\/tektas-yuzukler\/","og_locale":"tr_TR","og_type":"article","og_title":"Tekta\u015f Y\u00fcz\u00fckler - Nur Kuyumculuk Eski\u015fehir","og_description":"[vc_row][vc_column][vc_text_separator title=&#8221;Tek Ta\u015f Y\u00fcz\u00fckler&#8221;][vc_gallery type=&#8221;image_grid&#8221; images=&#8221;2021,2022,2023,2024,2025,2026,2027,2028,2029,1829,1832,1828,1833,2215,2216,2217,2218,2219,2220,2221,2222,2223,2224,2225,2226,2227,2228,2229,2230,2231,2405,2407,2409,2412,2413,2416,2418,2420,2422,2424,2426,2430,2431,2432,2433,2434,2435,2436&#8243; img_size=&#8221;full&#8221;][\/vc_column][\/vc_row][vc_row][vc_column][\/vc_column][\/vc_row]","og_url":"https:\/\/nurkuyumcu.com\/index.php\/urunler\/tektas-yuzukler\/","og_site_name":"Nur Kuyumculuk Eski\u015fehir","article_modified_time":"2021-01-28T06:38:16+00:00","twitter_card":"summary_large_image","schema":{"@context":"https:\/\/schema.org","@graph":[{"@type":"WebSite","@id":"https:\/\/nurkuyumcu.com\/#website","url":"https:\/\/nurkuyumcu.com\/","name":"Nur Kuyumculuk Eski\u015fehir","description":"","potentialAction":[{"@type":"SearchAction","target":{"@type":"EntryPoint","urlTemplate":"https:\/\/nurkuyumcu.com\/?s={search_term_string}"},"query-input":"required name=search_term_string"}],"inLanguage":"tr"},{"@type":"WebPage","@id":"https:\/\/nurkuyumcu.com\/index.php\/urunler\/tektas-yuzukler\/#webpage","url":"https:\/\/nurkuyumcu.com\/index.php\/urunler\/tektas-yuzukler\/","name":"Tekta\u015f Y\u00fcz\u00fckler - Nur Kuyumculuk Eski\u015fehir","isPartOf":{"@id":"https:\/\/nurkuyumcu.com\/#website"},"datePublished":"2017-10-02T02:44:50+00:00","dateModified":"2021-01-28T06:38:16+00:00","breadcrumb":{"@id":"https:\/\/nurkuyumcu.com\/index.php\/urunler\/tektas-yuzukler\/#breadcrumb"},"inLanguage":"tr","potentialAction":[{"@type":"ReadAction","target":["https:\/\/nurkuyumcu.com\/index.php\/urunler\/tektas-yuzukler\/"]}]},{"@type":"BreadcrumbList","@id":"https:\/\/nurkuyumcu.com\/index.php\/urunler\/tektas-yuzukler\/#breadcrumb","itemListElement":[{"@type":"ListItem","position":1,"name":"Ana sayfa","item":"https:\/\/nurkuyumcu.com\/"},{"@type":"ListItem","position":2,"name":"\u00dcr\u00fcnler","item":"https:\/\/nurkuyumcu.com\/index.php\/urunler\/"},{"@type":"ListItem","position":3,"name":"Tekta\u015f Y\u00fcz\u00fckler"}]}]}},"_links":{"self":[{"href":"https:\/\/nurkuyumcu.com\/index.php\/wp-json\/wp\/v2\/pages\/241"}],"collection":[{"href":"https:\/\/nurkuyumcu.com\/index.php\/wp-json\/wp\/v2\/pages"}],"about":[{"href":"https:\/\/nurkuyumcu.com\/index.php\/wp-json\/wp\/v2\/types\/page"}],"author":[{"embeddable":true,"href":"https:\/\/nurkuyumcu.com\/index.php\/wp-json\/wp\/v2\/users\/1"}],"replies":[{"embeddable":true,"href":"https:\/\/nurkuyumcu.com\/index.php\/wp-json\/wp\/v2\/comments?post=241"}],"version-history":[{"count":7,"href":"https:\/\/nurkuyumcu.com\/index.php\/wp-json\/wp\/v2\/pages\/241\/revisions"}],"predecessor-version":[{"id":2438,"href":"https:\/\/nurkuyumcu.com\/index.php\/wp-json\/wp\/v2\/pages\/241\/revisions\/2438"}],"up":[{"embeddable":true,"href":"https:\/\/nurkuyumcu.com\/index.php\/wp-json\/wp\/v2\/pages\/10"}],"wp:attachment":[{"href":"https:\/\/nurkuyumcu.com\/index.php\/wp-json\/wp\/v2\/media?parent=241"}],"curies":[{"name":"wp","href":"https:\/\/api.w.org\/{rel}","templated":true}]}}